e
Is 358156859 composite?
True
Is 255329 a composite number?
False
Is 232595497 prime?
False
Is 817313779 a prime number?
True
Is 6237593 a composite number?
True
Is 45472561 prime?
True
Is 174433631 prime?
False
Is 10224889 composite?
True
Is 2470087 a composite number?
True
Is 5099579 a prime number?
False
Is 3631201 a prime number?
False
Is 99577637 composite?
True
Is 29711845 composite?
True
Is 1036211 prime?
False
Is 231802703 prime?
False
Is 44452141 a composite number?
True
Is 74461147 a composite number?
False
Is 2354039 composite?
False
Is 303409 prime?
True
Is 9826687 a composite number?
True
Is 321190637 a prime number?
True
Is 3288707 prime?
True
Is 139758303 a prime number?
False
Is 7176193 a composite number?
True
Is 151891793 a prime number?
False
Is 24134477 a prime number?
True
Is 276023687 prime?
True
Is 366631 composite?
False
Is 1238267 prime?
True
Is 1775051 prime?
False
Is 8237159 a composite number?
True
Is 8414033 a prime number?
False
Is 6239227 prime?
True
Is 142798969 prime?
True
Is 1689131 composite?
True
Is 141023383 composite?
False
Is 28216879 prime?
True
Is 974531 a composite number?
False
Is 44951677 composite?
True
Is 138785477 composite?
True
Is 4027267 a composite number?
True
Is 3892457 a prime number?
True
Is 37957417 composite?
False
Is 16532161 a composite number?
False
Is 151947463 composite?
False
Is 72007867 prime?
False
Is 12842597 prime?
False
Is 19266397 prime?
True
Is 1675253 prime?
False
Is 11453587 composite?
False
Is 9103547 a prime number?
False
Is 21330791 a composite number?
False
Is 27617861 composite?
False
Is 255729337 composite?
True
Is 15782057 composite?
False
Is 45989 a composite number?
False
Is 3171731 composite?
False
Is 424066307 a prime number?
False
Is 1604765279 a composite number?
True
Is 26002967 a composite number?
False
Is 143763691 prime?
False
Is 65302007 a prime number?
True
Is 113304019 prime?
True
Is 24162773 a composite number?
False
Is 122059901 a composite number?
True
Is 2935183 a prime number?
True
Is 66302069 a composite number?
False
Is 118916857 a composite number?
True
Is 1508893 a composite number?
False
Is 10192867 prime?
True
Is 6438533 a prime number?
False
Is 491159 prime?
True
Is 387460457 a composite number?
True
Is 170320229 composite?
True
Is 37099009 a composite number?
False
Is 10124453 a composite number?
True
Is 36113919 composite?
True
Is 2756749 a composite number?
False
Is 1090611397 prime?
False
Is 1452079 composite?
False
Is 12358769 composite?
False
Is 147399221 composite?
False
Is 62503459 a composite number?
False
Is 100277173 composite?
False
Is 15190517 prime?
False
Is 38404001 a prime number?
False
Is 68519687 a composite number?
False
Is 181814 a composite number?
True
Is 712861115 a composite number?
True
Is 12039173 a composite number?
False
Is 244085 composite?
True
Is 26864611 a composite number?
True
Is 2658751 prime?
True
Is 9863911 a prime number?
False
Is 14150993 composite?
False
Is 62207 composite?
False
Is 191383415 prime?
False
Is 39816017 prime?
True
Is 19571023 a composite number?
False
Is 9359687 prime?
False
Is 11944753 composite?
False
Is 5622517 a prime number?
False
Is 9083299 prime?
False
Is 15254133 prime?
False
Is 3494749 prime?
True
Is 71926843 a composite number?
False
Is 1044577 a composite number?
True
Is 2224009 composite?
False
Is 10147898 a prime number?
False
Is 307179979 a prime number?
True
Is 643858273 prime?
True
Is 143578273 a prime number?
True
Is 6422929 a prime number?
True
Is 2612063 a prime number?
False
Is 68787517 composite?
False
Is 56311 prime?
True
Is 14458813 composite?
False
Is 188467483 a composite number?
False
Is 220064809 a prime number?
True
Is 81883261 a prime number?
True
Is 10958063 a prime number?
True
Is 1988723 a composite number?
True
Is 20694967 prime?
False
Is 1557571 a prime number?
False
Is 10713097 prime?
False
Is 8306383 prime?
False
Is 41612591 prime?
True
Is 6114562 prime?
False
Is 1021747 composite?
False
Is 35293341 composite?
True
Is 144505 a prime number?
False
Is 10317427 a prime number?
False
Is 156398219 a prime number?
False
Is 262525819 prime?
True
Is 23215309 prime?
False
Is 38845241 composite?
True
Is 17685787 a composite number?
True
Is 133556921 composite?
False
Is 42689005 a prime number?
False
Is 143992403 composite?
False
Is 47496643 a prime number?
True
Is 2424073 a composite number?
False
Is 502529471 prime?
True
Is 123323521 a composite number?
True
Is 12272101 prime?
False
Is 521777863 prime?
True
Is 227457301 a prime number?
True
Is 3705799 prime?
True
Is 5876309 prime?
True
Is 1443399 composite?
True
Is 125553223 composite?
False
Is 1184311 a composite number?
True
Is 949433 a composite number?
True
Is 284461579 composite?
False
Is 24045485 a composite number?
True
Is 39507569 a prime number?
True
Is 22134083 a prime number?
False
Is 11616481 prime?
True
Is 8052007 a prime number?
True
Is 9162421 a prime number?
False
Is 2350433185 a prime number?
False
Is 1627523 composite?
False
Is 13834181 a prime number?
True
Is 83212499 prime?
True
Is 38965343 a prime number?
False
Is 1056061 composite?
False
Is 55457891 prime?
True
Is 4613659 a prime number?
False
Is 3029853 a composite number?
True
Is 347101457 a prime number?
True
Is 355020829 prime?
True
Is 1830571 a prime number?
True
Is 247442561 composite?
True
Is 61949 a prime number?
True
Is 5918421 prime?
False
Is 70271801 composite?
False
Is 51748547 a prime number?
True
Is 719333 a prime number?
True
Is 3636569 a composite number?
False
Is 28221379 composite?
True
Is 2063962 prime?
False
Is 6235669 a prime number?
False
Is 80782859 a composite number?
True
Is 989208659 a prime number?
True
Is 227636951 a prime number?
False
Is 5794757 prime?
True
Is 2416759 prime?
False
Is 1970767 composite?
True
Is 16248491 composite?
True
Is 4403123 a prime number?
False
Is 431138281 composite?
True
Is 303195329 a composite number?
False
Is 1260022597 a composite number?
False
Is 240678443 composite?
False
Is 1139471 prime?
True
Is 37950527 composite?
False
Is 8715841 a prime number?
True
Is 3885569 prime?
True
Is 2235713 composite?
True
Is 16428563 a composite number?
False
Is 1402031 composite?
False
Is 127881997 a prime number?
True
Is 14371363 a prime number?
False
Is 3261533 prime?
False
Is 437870107 composite?
True
Is 2378107 a prime number?
True
Is 408529183 composite?
False
Is 566171 composite?
True
Is 6087101 a prime number?
True
Is 213130867 prime?
True
Is 22869443 a composite number?
False
Is 698342737 prime?
True
Is 15823331 prime?
True
Is 52971691 a prime number?
False
Is 19931183 a prime number?
True
Is 30006013 composite?
False
Is 2996473 composite?
True
Is 1787453 composite?
False
Is 204101 composite?
False
Is 794293 a composite number?
True
Is 21101569 a prime number?
True
Is 17729593 composite?
True
Is 279438931 composite?
False
Is 26905049 a prime number?
False
Is 27643414 composite?
True
Is 614561803 a composite number?
False
Is 7897891 composite?
True
Is 180917 prime?
False
Is 5881217 composite?
False
Is 242314547 a composite number?
False
Is 3091531 a prime number?
False
Is 3684287 a prime number?
False
Is 71460923 a composite number?
False
Is 6025519 a prime number?
False
Is 3600493 a composite number?
True
Is 6932657 a composite number?
True
Is 4694293 prime?
True
Is 215987039 composite?
True
Is 27185959 a composite number?
True
Is 3637379 composite?
True
Is 66504709 a composite number?
True
Is 188783783 a prime number?
True
Is 43653979 a prime number?
False
Is 112566749 a composite number?
True
Is 3278207 prime?
True
Is 167565347 a prime number?
True
Is 97506209 composite?
False
Is 5865191 a prime number?
True
Is 855176669 composite?
False
Is 19244842 a prime number?
False
Is 43020403 a composite number?
False
Is 68440627 a prime number?
True
Is 36002231 a prime number?
True
Is 17942237 a prime number?
True
Is 204786443 a prime number?
True
Is 24881161 composite?
False
Is 48652013 prime?
True
Is 43717 a prime number?
True
Is 5489983 a composite number?
False
Is 20764118 composite?
True
Is 1470659 composite?
False
Is 105989701 prime?
False
Is 5670579 composite?
True
Is 2417461 prime?
False
Is 344083 a prime number?
True
Is 3270419 composite?
False
Is 49807181 a composite number?
True
